late the remainder when l is divided by 8/u + (-96)/(-10).
8
Suppose -2*r = -2*t + 3*r + 14, 3*t = -3*r + 21. Let b be ((-5)/10)/((-1)/6). Suppose -3*z = -b - 12. What is the remainder when t is divided by z?
2
Suppose -2*z = -5*k + 1422, -2*k + 573 = -26*z + 21*z. Calculate the remainder when k is divided by 74.
62
Let y = -1179 + 1197. Calculate the remainder when 153 is divided by y.
9
Suppose -t - 18 = -w, 13*w = 12*w - 5*t + 12. Calculate the remainder when 82 is divided by w.
14
Let r(u) = 369*u + 1855. Suppose -q - 5 = 0, q + 127 = 4*l - 26. What is the remainder when l is divided by r(-5)?
7
Let u(v) = 30*v - 165. What is the remainder when u(10) is divided by 17?
16
Let z = 56 - 52. Calculate the remainder when 82 is divided by z.
2
Suppose -3*h - h = 5*o - 443, 113 = h + 2*o. Let t = -67 + h. Calculate the remainder when t is divided by 22.
18
Let r be -4 - (3 + (-84)/(-2)). Let n = r - -76. Calculate the remainder when 161 is divided by n.
26
Suppose 2*t - 3*t - 3 = 0, t + 1815 = 4*m. Calculate the remainder when m is divided by 35.
33
Let i = 8 - 5. Let b = -186 + 197. Suppose -n - i*n - 35 = -k, k + 2*n = b. Calculate the remainder when 56 is divided by k.
18
Suppose 5*o - 120 = -3*p, -5*p + 172 = -13*o + 12*o. What is the remainder when 104 is divided by p?
34
Let g(p) = -7*p + 59. Let s be g(25). Let l = -84 - s. Calculate the remainder when 58 is divided by l.
26
Let w = -150 - -157. What is the remainder when 4/(-18) - (-155)/9 is divided by w?
3
Let k = 113 + -72. Suppose 135*t = 100*t + 7070. What is the remainder when t is divided by k?
38
What is the remainder when 31 is divided by 74/26 - (-2)/13?
1
Let x(g) = 39*g - 461. Calculate the remainder when 232 is divided by x(14).
62
Suppose -2*h - 1504 = -18*h. What is the remainder when h is divided by 19?
18
Suppose 4*s - 55 = -n, 0 = 9*s - 4*s - 4*n - 95. Let o(g) = -g**2 + 13*g + 12. Calculate the remainder when o(12) is divided by s.
9
Suppose -3*f = -f - 14. Let i be (8/6)/(24/54). Let d = i + 15. Calculate the remainder when d is divided by f.
4
Calculate the remainder when 143 is divided by (9 - (-210)/20)/((-9)/(-30)).
13
Let g = -72 + 48. Suppose 3*w - 93 = 18. What is the remainder when w is divided by (8/g)/((-1)/57)?
18
Let x = 56 - 43. Suppose -3*u = -x*z + 10*z - 69, 0 = 4*u - 2*z - 92. Calculate the remainder when 68 is divided by u.
22
Suppose -18*a - 1438 = -1708. Calculate the remainder when 460 is divided by a.
10
What is the remainder when 235 is divided by (-3)/7 + 4338/126?
31
Let z = -163 + 247. What is the remainder when 428 is divided by z?
8
Suppose -4*n + 9*n = 85. Calculate the remainder when 338 is divided by n.
15
Let z be 4/18 + (-48)/(-27). Suppose -7*h + z*h - 5*v = -375, -4*h + 3*v + 307 = 0. Calculate the remainder when h is divided by 26.
24
Let d = 25 + -21. Suppose -10 = -2*r, d*m - 6*m = 3*r - 41. Calculate the remainder when 23 is divided by m.
10
Let u = 126 + -123. Suppose -178 = -u*v - 5*i, -i - 44 = -v + 2. Calculate the remainder when v is divided by 13.
12
Let l(n) = 3*n**2 - 3*n - 26. What is the remainder when l(6) is divided by 11?
9
Let z = 6 - 9. Let j = z - -9. Suppose 45 = 5*r - 5*d, 5*d + 11 = -r + 2*d. What is the remainder when j is divided by r?
2
Let p be (-50)/3 + 12/18. Let i = p + 28. Calculate the remainder when 33 is divided by i.
9
Let m = 254 + -236. Calculate the remainder when 159 is divided by m.
15
Let i(z) = z + 8. Let m be i(5). Suppose -14*w + m*w = -5. Calculate the remainder when 34 is divided by w.
4
Suppose -103 = -b + 2*n, 0 = -5*b + b + 7*n + 414. What is the remainder when b is divided by 56?
51
Let r = 303 + -261. What is the remainder when 77 is divided by r?
35
Let p(q) = q**3 + 4*q**2 - 2*q + 257. Calculate the remainder when p(0) is divided by 67.
56
Let h(q) = 180*q**2 + 47*q - 87. Calculate the remainder when h(2) is divided by 26.
25
Suppose -81*s + 15*s = -68178. What is the remainder when s is divided by 115?
113
Let i = -61 + 213. Calculate the remainder when i is divided by 14.
12
Suppose 17*y - 3221 + 144 = 0. What is the remainder when y is divided by 19?
10
Let b = -40 - -68. What is the remainder when 59 + -10 + 1 + 3 is divided by b?
25
Let t be 0*(-1 - 2/(-3)). Let g be (4 - (1 + t)) + 22. Suppose 8*s - g = 3*s. What is the remainder when 12 is divided by s?
2
Suppose 0 = -3*u + 5*k + 327, -3*u - 4*k + k = -351. Calculate the remainder when u is divided by 26.
10
Suppose 0 = 4*t + 5*d - 3, -2*t - d + 5 = t. Let s(u) = -3*u**2 + 5*u**t - u**2 + 6 + 5*u. Calculate the remainder when 9 is divided by s(-5).
3
Suppose 6*f - 4*q = 8*f - 160, -5*f - 3*q = -421. Calculate the remainder when f is divided by 11.
9
Let g(r) = -3*r - 22. Let v be g(-10). Suppose v = 13*z - 12*z. What is the remainder when z is divided by 3?
2
What is the remainder when (-1)/4*-20 + 73 is divided by 38?
2
Let b = -80 - -83. Let j(k) = k**3 - 4*k**2 + 2*k - 3. What is the remainder when j(4) is divided by b?
2
Let z = 858 - 855. What is the remainder when 156 is divided by z?
0
Let x = -21 + 42. Suppose -1762*m = -1787*m + 300. What is the remainder when x is divided by m?
9
Let s be 1 - -63 - (4 - 0). Suppose -15*d + s = -18*d. Let a(j) = j + 33. What is the remainder when 61 is divided by a(d)?
9
Let p = -12 - -16. Suppose p*o - 21 = 3*o. Let n(a) = -a**3 - 12*a**2 - 5*a. What is the remainder when n(-12) is divided by o?
18
Let z = 342 - 338. Suppose -50 - 15 = -5*f. What is the remainder when f is divided by z?
1
Suppose 0 = -3*l + 111 - 6. Let s be 15 + (1 - 1) + 2. Suppose -4*d - 5*j + s + 26 = 0, -13 = -d + j. Calculate the remainder when l is divided by d.
11
Suppose 22 = 16*r - 586. What is the remainder when r is divided by 21?
17
Suppose 7*i = 23 + 61. Let t be ((-2)/5)/(1/(-115)). Suppose -t = -k - k. Calculate the remainder when k is divided by i.
11
Let c be (-4)/10 + (-84)/(-10). Let i be 4 + 4*(-4)/c. Suppose i*y - 11 + 5 = 0. What is the remainder when y is divided by 2?
1
Suppose -s + h - 47 = -3*s, 3*s - 58 = h. What is the remainder when -30*(1 + (-33)/9) is divided by s?
17
Suppose n = -2*n + 51. Suppose 2*h - 4*s = 84, -s = 3*h + 3*s - 156. What is the remainder when h is divided by n?
14
Suppose b = n + 3*b - 4, 25 = 5*n + 5*b. Let o = 52 - 35. Suppose -2*c + 34 = -3*t, -c + 0*c + o = -3*t. Calculate the remainder when c is divided by n.
5
Let y(t) be the third derivative of t**4/12 - t**3/3 - 6*t**2. Let k = -21 - -38. What is the remainder when k is divided by y(4)?
5
Suppose -16*i - 645 = -5*o - 13*i, -i + 387 = 3*o. Calculate the remainder when o is divided by 26.
25
Let n = -210 + 221. What is the remainder when 21 is divided by n?
10
Suppose -159 = 21*t - 24*t. Calculate the remainder when t is divided by 33.
20
Let d(k) = k**3 - 19*k**2 + 18*k + 40. Let g be d(18). Suppose -3*j + g = 2*q - 17, 0 = 3*j - 15. Calculate the remainder when q is divided by 11.
10
Suppose -27*i + 364 = i. What is the remainder when 349 is divided by i?
11
Let c(p) = 36*p. Suppose 2*i = 4 - 2. Suppose 0 = 2*j - 4 - 22. Calculate the remainder when c(i) is divided by j.
10
Suppose z + 3*z - 25 = -3*o, 5*z = -3*o + 26. Calculate the remainder when 46 is divided by o.
4
Let v = -1763 + 1868. Calculate the remainder when v is divided by 66.
39
Let f = -13 - -13. Let x(o) = o + 9. Calculate the remainder when 33 is divided by x(f).
6
Suppose 1025 = 33*h - 691. Calculate the remainder when 879 is divided by h.
47
Let o = 374 - 311. What is the remainder when 155 is divided by o?
29
Suppose -3*a = 3*u - 99, -5*a = 3*u - 127 + 22. Suppose 4*s - u = 2*s. Calculate the remainder when s is divided by 6.
3
Suppose -2*a - 57 = 9. Let x = -1 - a. Calculate the remainder when 60 is divided by x.
28
Suppose 2*z = 4*f + 6 + 18, 5*z - 5*f - 70 = 0. Suppose 0*n + n + 3*y - 28 = 0, 4*y + z = 2*n. What is the remainder when 54 is divided by n?
6
Let o(x) = 1 - 5 + 5 + x**2. Let m(j) = j**3 + 10*j**2 - 4*j + 1. Let u(b) = m(b) - 3*o(b). Calculate the remainder when 50 is divided by u(-7).
24
Let h(l) = 2*l + 46. Let n be h(-19). Suppose 6*u = 2*m + 3*u + 3, m - u - 1 = 0. Suppose -m*r - 98 = -n*r. Calculate the remainder when r is divided by 17.
15
Let o = -1395 - -1479. Calculate the remainder when o is divided by 23.
15